6 and p?
32
Suppose 4*t - 20 = -0*p - 5*p, -2*t - 3*p + 12 = 0. Let f(y) = y**2 - 2*y + 84. Let d be f(t). Calculate the greatest common factor of 12 and d.
12
Suppose 5*l - 14 = 3*x, 2*x + 13 = 5*l - 3. What is the highest common divisor of l and 1?
1
Let x(i) = 3*i**2 + i - 2. Let q be x(1). Suppose -5*y + 6*y - q = 0. Calculate the highest common divisor of y and 10.
2
Let l(f) = -4*f - 1. Let z be l(-3). Let q be (2 + -6)*(-89)/(-4). Let r = -34 - q. What is the highest common divisor of z and r?
11
Suppose 4*h - 172 = 244. Let l(u) be the third derivative of -u**5/60 + 3*u**4/8 - u**3/6 + 3*u**2. Let j be l(7). What is the highest common factor of h and j?
13
Suppose -s + 30 = -q + 379, 2*q = -2*s + 702. Suppose 3*h + q + 8 = 4*o, -h + 93 = o. Calculate the greatest common divisor of 13 and o.
13
Let o = -5 - -7. Let t be 3*1 - (1 + o). Let a be 10 - (t - 6/(-2)). What is the highest common factor of 7 and a?
7
Let o = 145 + -101. Suppose 2 = 4*q + 4*v - 6, o = 4*q - 5*v. Calculate the highest common divisor of q and 6.
6
Let f be ((-2)/6)/(-1)*9*4. Calculate the greatest common divisor of f and 3.
3
Let u be 1/4 - 13/4. Let j be u/(-2) - (-1140)/8. Suppose -4*v + 56 = 2*o, 2*v = o - 10 + 2. What is the highest common factor of j and o?
18
Suppose -5*g + 0 = -10. Suppose 2*d = -5*c - 323, -g*c = -c - 2*d + 67. Let w = c + 119. What is the greatest common factor of w and 36?
18
Suppose -7 = -0*m + m + 5*w, 3*m + w - 35 = 0. What is the greatest common divisor of m and 52?
13
Let d be (75/(-10))/(1/(-12)). Let c(w) = 4*w - 10. Let s be c(7). Calculate the greatest common divisor of d and s.
18
Let x be -14 + 3 + -1 + -3. Let d = -28 - x. Let w be ((-12)/(-2))/((-2)/d). What is the highest common divisor of w and 26?
13
Suppose -5*q = -10*q. Suppose 4*t - 48 = -q*t. What is the greatest common factor of t and 84?
12
Let t = -12 - -18. Calculate the highest common factor of 54 and t.
6
Suppose h = u - 19, -92 = -3*u - 4*h - 7. Suppose -u = -4*r + 9. What is the greatest common factor of r and 16?
8
Let h = 81 - 52. Let b(p) = 2*p**2 - 13*p - 12. Let v be b(11). What is the greatest common divisor of h and v?
29
Suppose 0 = -2*x - 2, 3*k - 5*x - 19 = 142. Calculate the greatest common factor of 468 and k.
52
Let a(f) = f**2 + 7*f + 8. Let k be a(-6). Suppose -k = 2*b, 0*b + 3*b = u - 5. Let o be (-4)/u*2/(-4). Calculate the highest common factor of 2 and o.
1
Let f be (-320)/(-7) + 11/((-308)/(-8)). What is the greatest common factor of f and 69?
23
Let h be 3/(-6) - (4 - (-45)/(-2)). Calculate the greatest common divisor of 27 and h.
9
Suppose c = -c + 8. Suppose 4*r = -5*v + 45, 4*r + 3*v - c*v - 63 = 0. Let f be 1/3 + (-28)/(-6). Calculate the greatest common factor of f and r.
5
Suppose 5*q - 2*j - 1876 = 0, 2*q + 5*j + 13 = 746. What is the highest common divisor of 34 and q?
34
Let y(f) = -5*f - 3. Let k be y(-2). Calculate the highest common divisor of k and 77.
7
Let o be (5 + -4)*20*-1. Let f be (-8)/o - 136/(-10). What is the greatest common factor of f and 112?
14
Let g be 12 + -15 + 13*3. What is the highest common factor of g and 90?
18
Let z(l) = -l**2 - 8*l + 11. Let q(c) = c**2 + 9*c - 1. Let v = -2 - 6. Let m be q(v). Let o be z(m). Calculate the greatest common divisor of 18 and o.
2
Let i be (3 - 75/6)*-2. Calculate the greatest common factor of i and 171.
19
Suppose -5*q = 1 - 6. Suppose -4 = 3*k - 10. What is the greatest common divisor of q and k?
1
Suppose 0*b = 4*b - 12. Suppose 4*z - 29 - b = 0. Suppose 0 = -3*o + 41 + 55. Calculate the highest common divisor of z and o.
8
Let a = 11 + -8. Let l = 1 - -2. Let o = l + a. What is the highest common divisor of 9 and o?
3
Let i be (6/4)/(6/8). Suppose -2*o - 5*t + 138 = 0, -i*t - 2*t + 8 = 0. Suppose -3 = -r + 5. What is the highest common factor of r and o?
8
Suppose 3*h = 2*h. Suppose -k + 3*k - 98 = h. Let n be (2/(-4))/((-1)/14). Calculate the highest common divisor of k and n.
7
Let z = -31 + 51. Calculate the highest common divisor of 180 and z.
20
Let y be (-11)/(-2) + 1/(-2). Let s(z) = 5*z**2 - 21*z + 6. Let x be s(4). Calculate the highest common factor of x and y.
1
Let z(x) = -2*x - 1. Let l be z(-4). Let i(g) = g**3 - 7*g**2 + 5*g + 5. Let f be i(l). Let y = -11 + 21. Calculate the greatest common factor of f and y.
10
Suppose 2*o + 4*b - 10 = -o, 22 = 3*o - 2*b. Suppose 3*c - 3 = 3*i + 27, -70 = -3*c - 5*i. Calculate the greatest common divisor of c and o.
3
Suppose -4*a + 32 = -0. Let m(b) = -b**3 + 14*b**2 - 5*b - 16. Let q be m(13). Calculate the greatest common factor of a and q.
8
Let s = 14 - 8. Let l(f) = -f**3 + 5*f**2 + 5*f + 6. Let k be l(s). Suppose 13 = n - k*n. What is the highest common divisor of n and 143?
13
Let l = 13 + 20. Let j be (-7 - -11)*11/2. What is the highest common factor of j and l?
11
Suppose 8*g + 86 = 278. Calculate the greatest common divisor of g and 16.
8
Suppose -5*b - 3*z + 0*z = -1597, -321 = -b + z. Calculate the greatest common factor of 32 and b.
32
Let i be (-1)/3 + (-380)/12. Let c be (-27)/(9/6 + 0). Let a = c - i. What is the highest common factor of a and 112?
14
Suppose -3*n + 29 + 61 = 0. Calculate the greatest common factor of 75 and n.
15
Suppose h + 0*h - 14 = 0. Calculate the greatest common factor of h and 35.
7
Let t be (108/(-90))/(1/(-30)). What is the highest common divisor of 4 and t?
4
Suppose -3*j - j = -12. Let d = -1 + j. Calculate the greatest common factor of 22 and d.
2
Suppose -l = -2*m + 1, 0*l + 3*l + 3 = 0. Suppose -5*w + 1265 = -0*w + 3*q, m = -3*w + 3*q + 759. Calculate the greatest common factor of 23 and w.
23
Let c = 5 - 3. Suppose -2*q + q + 20 = r, -c*r + 55 = 3*q. Calculate the greatest common divisor of 5 and q.
5
Let z(w) be the third derivative of -w**5/60 + w**4/3 - w**3/2 + 2*w**2. Let v = 7 + -2. Let j be z(v). What is the greatest common divisor of j and 108?
12
Let l = -90 - -93. What is the highest common factor of 21 and l?
3
Let t = 67 - 32. Calculate the highest common divisor of t and 5.
5
Let z = 0 - -5. Let c(p) = 5*p - 10. Let l be c(z). What is the greatest common divisor of 3 and l?
3
Suppose -3*f = -4*y + 881, 2*y - 2*f - 449 = -9. What is the greatest common factor of 17 and y?
17
Let u be (-344)/(-44) - (-4)/22. Let y = -85 - -51. Let x = 38 - y. Calculate the highest common divisor of u and x.
8
Let h be (-3)/((-3)/2)*2. Suppose h = -4*p + 36. Let c = -62 + 102. Calculate the greatest common factor of p and c.
8
Suppose -28 = -2*f + 104. Calculate the greatest common divisor of 11 and f.
11
Let h = 60 - 32. Suppose -2*g - 3*t = -0*g - 23, 12 = -2*g + 4*t. Calculate the highest common divisor of h and g.
4
Suppose -d + 56 = 10. Calculate the greatest common divisor of 23 and d.
23
Suppose 14 = 5*r - 1. Let b = 14 - -19. What is the greatest common divisor of b and r?
3
Let h(q) = -2*q**3 - 2*q**2 + q - 1. Let w be h(-2). Suppose 0 = -w*m + 4 + 6. Calculate the greatest common divisor of m and 10.
2
Suppose 8 = -f + 5*f. Let s be 1*(2 - -2 - f). What is the greatest common factor of s and 10?
2
Suppose -2 = 3*c - 4*c. Let w = c + 1. What is the greatest common divisor of w and 15?
3
Let z = 136 + -112. What is the highest common factor of z and 312?
24
Let y be -33*(2 + -3)*3. Let n(k) = -k**2 - 9*k - 9. Let d be n(-6). What is the greatest common factor of y and d?
9
Suppose 0 = 94*y - 90*y - 164. Calculate the greatest common divisor of y and 369.
41
Suppose 5*a = -5*b + 90, b + b + 28 = 2*a. Let c(s) = -s**3 - 8*s**2 + 5*s - 4. Let w be c(-9). What is the highest common factor of w and a?
16
Suppose 3*v + 4*b - 20 = -v, -3*v - b + 11 = 0. What is the highest common divisor of 21 and v?
3
Let m be (-4)/(0 - -4)*-25. Calculate the greatest common divisor of m and 25.
25
Suppose 4*z - 4 = 16. Let w(x) = 2*x - 3. Let n be w(z). What is the greatest common divisor of n and 35?
7
Let f = 36 - 15. Suppose 27 = 4*r - z, f = 4*r - r - z. Calculate the greatest common divisor of r and 48.
6
Let x(i) = -i**3 - 7*i**2 - 5*i + 6. Let j be x(-6). Suppose j*g - 5*g + 100 = 0. Calculate the greatest common divisor of 5 and g.
5
Let m = 28 + -19. Let b(h) = 2*h**3 + 9*h**2 - 2*h**3 + 3*h - 13 - h**3. Let g be b(m). What is the greatest common factor of g and 70?
14
Let d(